{"id":22987,"date":"2021-02-10T13:01:12","date_gmt":"2021-02-10T10:01:12","guid":{"rendered":"https:\/\/sd.interkeydijital.com\/?page_id=22987"},"modified":"2023-10-11T10:22:08","modified_gmt":"2023-10-11T07:22:08","slug":"iletisim","status":"publish","type":"page","link":"https:\/\/www.sivildusun.net\/yedek18062024\/iletisim\/","title":{"rendered":"\u0130leti\u015fim"},"content":{"rendered":"<div class=\"row row-collapse row-full-width\"  id=\"row-595556875\">\n\n\t<div id=\"col-318175819\" class=\"col small-12 large-12\"  >\n\t\t\t\t<div class=\"col-inner\"  >\n\t\t\t\n\t\t\t\n<p><iframe src=\"https:\/\/www.google.com\/maps\/embed?pb=!1m14!1m8!1m3!1d12255.493198208707!2d32.7500769!3d39.8322583!3m2!1i1024!2i768!4f13.1!3m3!1m2!1s0x14d34f91a60ba61f%3A0x319d3bcbfc5e0fea!2sWEglobal!5e0!3m2!1str!2str!4v1686644661278!5m2!1str!2str\" width=\"100%\" height=\"450\" frameborder=\"0\" allowfullscreen=\"allowfullscreen\" aria-hidden=\"false\"><\/iframe><\/p>\n\t\t<\/div>\n\t\t\t\t\t<\/div>\n\n\t\n<\/div>\n<div class=\"row row-large\" style=\"max-width:1400px\" id=\"row-25466478\">\n\n\t<div id=\"col-1238502750\" class=\"col small-12 large-12\"  >\n\t\t\t\t<div class=\"col-inner\" style=\"background-color:rgb(255, 255, 255);\" >\n\t\t\t\n\t\t\t\n<div class=\"row row-collapse row-full-width\"  id=\"row-43065012\">\n\n\t<div id=\"col-729460830\" class=\"col medium-12 small-12 large-6\"  >\n\t\t\t\t<div class=\"col-inner\"  >\n\t\t\t\n\t\t\t\n<h2>Bize Ula\u015f\u0131n<\/h2>\n\t<div id=\"gap-619786982\" class=\"gap-element clearfix\" style=\"display:block; height:auto;\">\n\t\t\n<style>\n#gap-619786982 {\n  padding-top: 20px;\n}\n@media (min-width:550px) {\n  #gap-619786982 {\n    padding-top: 20px;\n  }\n}\n@media (min-width:850px) {\n  #gap-619786982 {\n    padding-top: 30px;\n  }\n}\n<\/style>\n\t<\/div>\n\t\n<div class=\"row row-divided\"  id=\"row-306734237\">\n\n\t<div id=\"col-803856952\" class=\"col medium-6 small-12 large-6\"  >\n\t\t\t\t<div class=\"col-inner\"  >\n\t\t\t\n\t\t\t\n\n\t\t<div class=\"icon-box featured-box icon-box-left text-left\"  >\n\t\t\t\t\t<div class=\"icon-box-img\" style=\"width: 20px\">\n\t\t\t\t<div class=\"icon\">\n\t\t\t\t\t<div class=\"icon-inner\" >\n\t\t\t\t\t\t<img fetchpriority=\"high\" decoding=\"async\" width=\"240\" height=\"240\" src=\"https:\/\/www.sivildusun.net\/yedek18062024\/wp-content\/uploads\/2021\/02\/map-pin-2-fill-2.png\" class=\"attachment-medium size-medium\" alt=\"\" srcset=\"https:\/\/www.sivildusun.net\/yedek18062024\/wp-content\/uploads\/2021\/02\/map-pin-2-fill-2.png 240w, https:\/\/www.sivildusun.net\/yedek18062024\/wp-content\/uploads\/2021\/02\/map-pin-2-fill-2-150x150.png 150w\" sizes=\"(max-width: 240px) 100vw, 240px\" \/>\t\t\t\t\t<\/div>\n\t\t\t\t<\/div>\n\t\t\t<\/div>\n\t\t\t\t<div class=\"icon-box-text last-reset\">\n\t\t\t\t\t\t\t\t\t\n<h3>Adres<\/h3>\n<p>Ahlatl\u0131bel mah. 1902. Sok. No:43 06805 \u00c7ankaya\/ANKARA<\/p>\n\t\t<\/div>\n\t<\/div>\n\t\n\t\n\t\t<\/div>\n\t\t\t\t\t<\/div>\n\n\t\n\n\t<div id=\"col-379416083\" class=\"col medium-6 small-12 large-6\"  >\n\t\t\t\t<div class=\"col-inner\"  >\n\t\t\t\n\t\t\t\n\n\t\t<div class=\"icon-box featured-box icon-box-left text-left\"  >\n\t\t\t\t\t<div class=\"icon-box-img\" style=\"width: 20px\">\n\t\t\t\t<div class=\"icon\">\n\t\t\t\t\t<div class=\"icon-inner\" >\n\t\t\t\t\t\t<img decoding=\"async\" width=\"240\" height=\"240\" src=\"https:\/\/www.sivildusun.net\/yedek18062024\/wp-content\/uploads\/2021\/02\/phone-fill.png\" class=\"attachment-medium size-medium\" alt=\"\" srcset=\"https:\/\/www.sivildusun.net\/yedek18062024\/wp-content\/uploads\/2021\/02\/phone-fill.png 240w, https:\/\/www.sivildusun.net\/yedek18062024\/wp-content\/uploads\/2021\/02\/phone-fill-150x150.png 150w\" sizes=\"(max-width: 240px) 100vw, 240px\" \/>\t\t\t\t\t<\/div>\n\t\t\t\t<\/div>\n\t\t\t<\/div>\n\t\t\t\t<div class=\"icon-box-text last-reset\">\n\t\t\t\t\t\t\t\t\t\n\t<div id=\"text-2771329094\" class=\"text\">\n\t\t\n<h3>Telefon<\/h3>\n<p>0534 626 0607<\/p>\n\t\t\n<style>\n#text-2771329094 {\n  line-height: 1.5;\n}\n<\/style>\n\t<\/div>\n\t\n\t\t<\/div>\n\t<\/div>\n\t\n\t\n<div class=\"is-divider divider clearfix\" style=\"max-width:100%;height:1px;\"><\/div>\n\n\t\t<div class=\"icon-box featured-box icon-box-left text-left\"  >\n\t\t\t\t\t<div class=\"icon-box-img\" style=\"width: 20px\">\n\t\t\t\t<div class=\"icon\">\n\t\t\t\t\t<div class=\"icon-inner\" >\n\t\t\t\t\t\t<img decoding=\"async\" width=\"240\" height=\"240\" src=\"https:\/\/www.sivildusun.net\/yedek18062024\/wp-content\/uploads\/2021\/02\/mail-open-fill.png\" class=\"attachment-medium size-medium\" alt=\"\" srcset=\"https:\/\/www.sivildusun.net\/yedek18062024\/wp-content\/uploads\/2021\/02\/mail-open-fill.png 240w, https:\/\/www.sivildusun.net\/yedek18062024\/wp-content\/uploads\/2021\/02\/mail-open-fill-150x150.png 150w\" sizes=\"(max-width: 240px) 100vw, 240px\" \/>\t\t\t\t\t<\/div>\n\t\t\t\t<\/div>\n\t\t\t<\/div>\n\t\t\t\t<div class=\"icon-box-text last-reset\">\n\t\t\t\t\t\t\t\t\t\n<h3>E-posta<\/h3>\n<p>info@sivildusun.eu<\/p>\n\t\t<\/div>\n\t<\/div>\n\t\n\t\n\t\t<\/div>\n\t\t\t\t\t<\/div>\n\n\t\n\n<style>\n#row-306734237 > .col > .col-inner {\n  padding: 20px 0px 20px 0px;\n}\n<\/style>\n<\/div>\n<div class=\"is-divider divider clearfix\" style=\"max-width:100%;height:1px;\"><\/div>\n<div class=\"row row-divided\"  id=\"row-2053026381\">\n\n\t<div id=\"col-1501087270\" class=\"col medium-5 small-12 large-6\"  >\n\t\t\t\t<div class=\"col-inner\"  >\n\t\t\t\n\t\t\t\n\n\t\t<div class=\"icon-box featured-box icon-box-left text-left\"  >\n\t\t\t\t\t<div class=\"icon-box-img\" style=\"width: 20px\">\n\t\t\t\t<div class=\"icon\">\n\t\t\t\t\t<div class=\"icon-inner\" >\n\t\t\t\t\t\t<img loading=\"lazy\" decoding=\"async\" width=\"240\" height=\"240\" src=\"https:\/\/www.sivildusun.net\/yedek18062024\/wp-content\/uploads\/2021\/02\/time-fill.png\" class=\"attachment-medium size-medium\" alt=\"\" srcset=\"https:\/\/www.sivildusun.net\/yedek18062024\/wp-content\/uploads\/2021\/02\/time-fill.png 240w, https:\/\/www.sivildusun.net\/yedek18062024\/wp-content\/uploads\/2021\/02\/time-fill-150x150.png 150w\" sizes=\"(max-width: 240px) 100vw, 240px\" \/>\t\t\t\t\t<\/div>\n\t\t\t\t<\/div>\n\t\t\t<\/div>\n\t\t\t\t<div class=\"icon-box-text last-reset\">\n\t\t\t\t\t\t\t\t\t\n<h3>Yard\u0131m Masas\u0131<\/h3>\n<p>Avrupa Birli\u011fi Sivil D\u00fc\u015f\u00fcn Program\u0131 Yard\u0131m Masas\u0131 Pazartesi, Sal\u0131, \u00c7ar\u015famba, Per\u015fembe g\u00fcnleri 9.30-12.00 saatleri aras\u0131nda aktiftir.<\/p>\n\t\t<\/div>\n\t<\/div>\n\t\n\t\n\t\t<\/div>\n\t\t\t\t\t<\/div>\n\n\t\n\n\t<div id=\"col-887099808\" class=\"col medium-5 small-12 large-6\"  >\n\t\t\t\t<div class=\"col-inner\"  >\n\t\t\t\n\t\t\t\n\n\t\t<div class=\"icon-box featured-box icon-box-left text-left\"  >\n\t\t\t\t\t<div class=\"icon-box-img\" style=\"width: 20px\">\n\t\t\t\t<div class=\"icon\">\n\t\t\t\t\t<div class=\"icon-inner\" >\n\t\t\t\t\t\t<img decoding=\"async\" width=\"240\" height=\"240\" src=\"https:\/\/www.sivildusun.net\/yedek18062024\/wp-content\/uploads\/2021\/02\/phone-fill.png\" class=\"attachment-medium size-medium\" alt=\"\" srcset=\"https:\/\/www.sivildusun.net\/yedek18062024\/wp-content\/uploads\/2021\/02\/phone-fill.png 240w, https:\/\/www.sivildusun.net\/yedek18062024\/wp-content\/uploads\/2021\/02\/phone-fill-150x150.png 150w\" sizes=\"(max-width: 240px) 100vw, 240px\" \/>\t\t\t\t\t<\/div>\n\t\t\t\t<\/div>\n\t\t\t<\/div>\n\t\t\t\t<div class=\"icon-box-text last-reset\">\n\t\t\t\t\t\t\t\t\t\n<h3>Yard\u0131m Masas\u0131<\/h3>\n<p>0549 610 1354<\/p>\n\t\t<\/div>\n\t<\/div>\n\t\n\t\n<div class=\"is-divider divider clearfix\" style=\"max-width:100%;height:1px;\"><\/div>\n\n\t\t<div class=\"icon-box featured-box icon-box-left text-left\"  >\n\t\t\t\t\t<div class=\"icon-box-img\" style=\"width: 20px\">\n\t\t\t\t<div class=\"icon\">\n\t\t\t\t\t<div class=\"icon-inner\" >\n\t\t\t\t\t\t<img decoding=\"async\" width=\"240\" height=\"240\" src=\"https:\/\/www.sivildusun.net\/yedek18062024\/wp-content\/uploads\/2021\/02\/mail-open-fill.png\" class=\"attachment-medium size-medium\" alt=\"\" srcset=\"https:\/\/www.sivildusun.net\/yedek18062024\/wp-content\/uploads\/2021\/02\/mail-open-fill.png 240w, https:\/\/www.sivildusun.net\/yedek18062024\/wp-content\/uploads\/2021\/02\/mail-open-fill-150x150.png 150w\" sizes=\"(max-width: 240px) 100vw, 240px\" \/>\t\t\t\t\t<\/div>\n\t\t\t\t<\/div>\n\t\t\t<\/div>\n\t\t\t\t<div class=\"icon-box-text last-reset\">\n\t\t\t\t\t\t\t\t\t\n<h3>E-posta<\/h3>\n<p style=\"font-size: 95%;\">yardimmasasi@sivildusun.eu<\/p>\n\t\t<\/div>\n\t<\/div>\n\t\n\t\n\t\t<\/div>\n\t\t\t\t\t<\/div>\n\n\t\n\n<style>\n#row-2053026381 > .col > .col-inner {\n  padding: 20px 0px 20px 0px;\n}\n<\/style>\n<\/div>\n\t\t<\/div>\n\t\t\t\t\n<style>\n#col-729460830 > .col-inner {\n  padding: 0px 0px 0px 20px;\n}\n<\/style>\n\t<\/div>\n\n\t\n\n\t<div id=\"col-1167285159\" class=\"col medium-12 small-12 large-6\"  >\n\t\t\t\t<div class=\"col-inner\"  >\n\t\t\t\n\t\t\t\n<h2>G\u00f6r\u00fc\u015f ve \u00d6nerileriniz<\/h2>\n\t<div id=\"gap-123752784\" class=\"gap-element clearfix\" style=\"display:block; height:auto;\">\n\t\t\n<style>\n#gap-123752784 {\n  padding-top: 20px;\n}\n@media (min-width:550px) {\n  #gap-123752784 {\n    padding-top: 20px;\n  }\n}\n@media (min-width:850px) {\n  #gap-123752784 {\n    padding-top: 30px;\n  }\n}\n<\/style>\n\t<\/div>\n\t\n<style type=\"text\/css\">.super-form:not(.super-initialized) *:not(.super-load-icon) { visibility: hidden !important; }<\/style><div id=\"super-form-23004\" style=\"margin:0px 0px 0px 0px;\" class=\"super-form super-form-23004  super-default-rounded super-field-size-huge super-adaptive\" data-clear=\"true\" data-field-size=\"huge\"><span class=\"super-load-icon\"><\/span><form tabindex=\"0\" autocomplete=\"on\" enctype=\"multipart\/form-data\"><input type=\"hidden\" name=\"sf_nonce\" value=\"\" \/><input type=\"text\" name=\"super_hp\" size=\"25\" value=\"\" \/><div class=\"super-shortcode super-field super-hidden\"><input class=\"super-shortcode-field\" type=\"hidden\" value=\"23004\" name=\"hidden_form_id\" \/><\/div><div class=\"super-grid super-shortcode\"><div class=\"super-shortcode super_one_full super-column grid-level-0 column-number-1 first-column \"><div class=\"super-shortcode super-field super-text   super-ungrouped  \"><div class=\"super-field-wrapper \"><input tabindex=\"-1\" class=\"super-shortcode-field\" type=\"email\" name=\"e-posta\" data-oname=\"e-posta\" data-message=\"L\u00fctfen bo\u015f b\u0131rakmay\u0131n\u0131z!\" data-validation=\"email\" data-email=\"E-posta Adresiniz\" data-exclude=\"0\" data-absolute-default=\"\" data-default-value=\"\" \/><span class=\"super-adaptive-placeholder\" data-placeholder=\"E-posta Adresiniz\" data-placeholderFilled=\"E-posta Adresiniz\"><span>E-posta Adresiniz<\/span><\/span><\/div><div class=\"super-error-msg\">L\u00fctfen bo\u015f b\u0131rakmay\u0131n\u0131z!<\/div><div class=\"super-empty-error-msg\">L\u00fctfen bo\u015f b\u0131rakmay\u0131n\u0131z!<\/div><\/div><div class=\"super-shortcode super-field super-text   super-ungrouped  \"><div class=\"super-field-wrapper \"><input tabindex=\"-1\" class=\"super-shortcode-field\" type=\"text\" name=\"adsoyad\" data-oname=\"adsoyad\" data-email=\"Ad\u0131n\u0131z Soyad\u0131n\u0131z:\" data-exclude=\"0\" data-absolute-default=\"\" data-default-value=\"\" \/><span class=\"super-adaptive-placeholder\" data-placeholder=\"Ad\u0131n\u0131z Soyad\u0131n\u0131z:\" data-placeholderFilled=\"Ad\u0131n\u0131z Soyad\u0131n\u0131z:\"><span>Ad\u0131n\u0131z Soyad\u0131n\u0131z:<\/span><\/span><\/div><div class=\"super-error-msg\">Alan gereklidir!<\/div><div class=\"super-empty-error-msg\">L\u00fctfen bo\u015f b\u0131rakmay\u0131n\u0131z!<\/div><\/div><div class=\"super-shortcode super-field super-text   super-ungrouped  \"><div class=\"super-field-wrapper \"><input tabindex=\"-1\" class=\"super-shortcode-field\" type=\"tel\" name=\"telefon\" data-oname=\"telefon\" data-validation=\"phone\" data-email=\"Telefon Numaran\u0131z:\" data-exclude=\"0\" data-absolute-default=\"\" data-default-value=\"\" \/><span class=\"super-adaptive-placeholder\" data-placeholder=\"Telefon Numaran\u0131z:\" data-placeholderFilled=\"Telefon Numaran\u0131z:\"><span>Telefon Numaran\u0131z:<\/span><\/span><\/div><div class=\"super-error-msg\">Alan gereklidir!<\/div><div class=\"super-empty-error-msg\">L\u00fctfen bo\u015f b\u0131rakmay\u0131n\u0131z!<\/div><\/div><div class=\"super-shortcode super-field super-textarea   super-ungrouped  \"><div class=\"super-field-wrapper \"><textarea tabindex=\"-1\" class=\"super-shortcode-field\" name=\"mesaj\" data-oname=\"mesaj\" data-email=\"Mesaj\u0131n\u0131z:\" data-exclude=\"0\" data-absolute-default=\"\" data-default-value=\"\" ><\/textarea><span class=\"super-adaptive-placeholder\" data-placeholder=\"Mesaj\u0131n\u0131z:\" data-placeholderFilled=\"Mesaj\u0131n\u0131z:\"><span>Mesaj\u0131n\u0131z:<\/span><\/span><\/div><div class=\"super-error-msg\">Alan gereklidir!<\/div><div class=\"super-empty-error-msg\">L\u00fctfen bo\u015f b\u0131rakmay\u0131n\u0131z!<\/div><\/div><\/div><\/div><div data-color=\"#f2423c\" data-light=\"#ff5650\" data-dark=\"#d4241e\" data-hover-color=\"#444444\" data-hover-light=\"#585858\" data-hover-dark=\"#262626\" data-font=\"#ffffff\" data-font-hover=\"#ffffff\" data-radius=\"square\" data-type=\"flat\" class=\"super-extra-shortcode super-shortcode super-field super-button super-clear-none super-form-button super-radius-square super-type-flat super-button-medium super-button-align-left super-button-width-auto\"><div data-href=\"\" class=\"super-button-wrap no_link\"><div class=\"super-button-name\" data-action=\"submit\" data-normal=\"G\u00f6nder\" data-loading=\"L\u00fctfen bekleyiniz, iletiniz g\u00f6nderiliyor...\">G\u00f6nder<\/div><span class=\"super-after\"><\/span><\/div><\/div><\/form><\/div>\n\t\t<\/div>\n\t\t\t\t\t<\/div>\n\n\t\n\n<style>\n#row-43065012 > .col > .col-inner {\n  padding: 0px 15px 0px 15px;\n}\n<\/style>\n<\/div>\n\t\t<\/div>\n\t\t\t\t\n<style>\n#col-1238502750 > .col-inner {\n  padding: 50px 20px 0px 20px;\n  margin: -0 0px 0px 0px;\n}\n@media (min-width:550px) {\n  #col-1238502750 > .col-inner {\n    padding: 50px 20px 30px 20px;\n    margin: 0 0px 0px 0px;\n  }\n}\n@media (min-width:850px) {\n  #col-1238502750 > .col-inner {\n    padding: 66px 5% 16px 5%;\n    margin: -135px 0px 0px 0px;\n  }\n}\n<\/style>\n\t<\/div>\n\n\t\n<\/div>\n\t<section class=\"section\" id=\"section_1533175818\">\n\t\t<div class=\"bg section-bg fill bg-fill  bg-loaded\" >\n\n\t\t\t\n\t\t\t\n\t\t\t\n\n\t\t<\/div>\n\n\t\t\n\n\t\t<div class=\"section-content relative\">\n\t\t\t\n<div class=\"row row-divided\"  id=\"row-84645802\">\n\n\t<div id=\"col-437677513\" class=\"col medium-4 small-12 large-4\"  >\n\t\t\t\t<div class=\"col-inner\"  >\n\t\t\t\n\t\t\t\n<h4>\u015eikayet Hakk\u0131<\/h4>\n<p>Uygunluk kontrol\u00fc s\u00fcreci hakk\u0131nda endi\u015feleriniz varsa veya destek talebinizin adil ve objektif bir \u015fekilde de\u011ferlendirilmedi\u011fini d\u00fc\u015f\u00fcn\u00fcyorsan\u0131z, <a href=\"https:\/\/www.sivildusun.net\/yedek18062024\/wp-content\/uploads\/2021\/02\/SD-BBSOD-Sikayet-Formu.pdf\" target=\"_blank\" rel=\"noopener\">buraya t\u0131klayarak \u015eikayet Formunu<\/a> doldurup <a href=\"mailto:sikayet@sivildusun.eu\" target=\"_blank\" rel=\"noopener\">sikayet@sivildusun.eu<\/a> adresine g\u00f6nderiniz.<\/p>\n<p>\u015eikayetleriniz, ba\u015fvurunuzun uygunluk kontrol\u00fc s\u00fcrecine dahil olmayan Sivil D\u00fc\u015f\u00fcn y\u00f6netim ekibince de\u011ferlendirmeye tabi tutulur.<\/p>\n\t\t<\/div>\n\t\t\t\t\t<\/div>\n\n\t\n\n\t<div id=\"col-1885434214\" class=\"col medium-4 small-12 large-4\"  >\n\t\t\t\t<div class=\"col-inner text-left\"  >\n\t\t\t\n\t\t\t\n<h4>Haber Bildirimleri<\/h4>\n<p>Haber, etkinlik ve duyurular\u0131n\u0131z\u0131n web sitesinde yay\u0131nlanmas\u0131 i\u00e7in l\u00fctfen <a href=\"mailto:haber@sivildusun.eu\">haber@sivildusun.eu<\/a> adresine yaz\u0131n\u0131z.<\/p>\n\t\t<\/div>\n\t\t\t\t\t<\/div>\n\n\t\n\n\t<div id=\"col-760535091\" class=\"col medium-4 small-12 large-4\"  >\n\t\t\t\t<div class=\"col-inner\"  >\n\t\t\t\n\t\t\t\n<h4>Faydal\u0131 Ba\u011flant\u0131lar<\/h4>\n<ul>\n<li><a href=\"http:\/\/avrupa.info.tr\/home.html\" target=\"_blank\" rel=\"noopener noreferrer\">Avrupa Birli\u011fi T\u00fcrkiye Delegasyonu<\/a><\/li>\n<li><a href=\"http:\/\/www.ab.gov.tr\/\" target=\"_blank\" rel=\"noopener noreferrer\">Avrupa Birli\u011fi Ba\u015fkanl\u0131\u011f\u0131<\/a><\/li>\n<li><a href=\"http:\/\/stgm.org.tr\/tr\" target=\"_blank\" rel=\"noopener noreferrer\">Sivil Toplum Geli\u015ftirme Merkezi<\/a><\/li>\n<li><a href=\"https:\/\/tacso.eu\/\">Avrupa Birli\u011fi TACSO 3 Program\u0131<\/a><\/li>\n<li><a href=\"https:\/\/etkiniz.eu\/\">ETK\u0130N\u0130Z AB Program\u0131<\/a><\/li>\n<li><a href=\"http:\/\/insanhaklariizleme.org\/\">\u0130nsan Haklar\u0131 \u0130zleme<\/a><\/li>\n<li><a href=\"http:\/\/www.cfcu.gov.tr\/index.php\" target=\"_blank\" rel=\"noopener noreferrer\">Merkezi Finans ve \u0130hale Birimi (CFCU)<\/a><\/li>\n<li><a href=\"http:\/\/www.tr.undp.org\/content\/turkey\/tr\/home.html\" target=\"_blank\" rel=\"noopener noreferrer\">Birle\u015fmi\u015f Milletler Kalk\u0131nma Program\u0131<\/a><\/li>\n<li><\/li>\n<\/ul>\n\t\t<\/div>\n\t\t\t\t\t<\/div>\n\n\t\n<\/div>\n\t\t<\/div>\n\n\t\t\n<style>\n#section_1533175818 {\n  padding-top: 30px;\n  padding-bottom: 30px;\n  background-color: rgb(249, 249, 249);\n}\n<\/style>\n\t<\/section>\n\t\n\t<section class=\"section\" id=\"section_1508847187\">\n\t\t<div class=\"bg section-bg fill bg-fill  bg-loaded\" >\n\n\t\t\t\n\t\t\t\n\t\t\t\n\n\t\t<\/div>\n\n\t\t\n\n\t\t<div class=\"section-content relative\">\n\t\t\t\n<div class=\"row align-equal align-center\"  id=\"row-2033717648\">\n\n\t<div id=\"col-1411871386\" class=\"col medium-4 small-12 large-4\"  >\n\t\t\t\t<div class=\"col-inner text-center\"  >\n\t\t\t\n\t\t\t\n<a href=\"https:\/\/www.sivildusun.net\/yedek18062024\/wp-content\/uploads\/2021\/04\/sivildusun-kvkk-aydinlatma-metni.pdf\" target=\"_blank\" class=\"button primary is-underline is-small\" rel=\"noopener\"  >\n    <span>Avrupa Birli\u011fi Sivil D\u00fc\u015f\u00fcn Program\u0131 Ki\u015fisel Verilerin \u0130\u015flenmesine \u0130li\u015fkin Ayd\u0131nlatma ve R\u0131za Metni<\/span>\n  <\/a>\n\n<a href=\"https:\/\/www.sivildusun.net\/yedek18062024\/kisisel-verilerin-islenmesine-iliskin-aydinlatma-ve-riza-metni\/\" target=\"_blank\" class=\"button primary is-underline is-small\" rel=\"noopener\"  >\n    <span>European Union Sivil D\u00fc\u015f\u00fcn Programme-Declaration of Consent<\/span>\n  <\/a>\n\n\t\t<\/div>\n\t\t\t\t\t<\/div>\n\n\t\n\n\t<div id=\"col-755512466\" class=\"col medium-4 small-12 large-4\"  >\n\t\t\t\t<div class=\"col-inner text-center\"  >\n\t\t\t\n\t\t\t\n<a href=\"https:\/\/www.sivildusun.net\/yedek18062024\/wp-content\/uploads\/2020\/05\/KVK_POLITIKA.pdf\" target=\"_blank\" class=\"button secondary is-underline is-small\" rel=\"noopener\"  >\n    <span>Avrupa Birli\u011fi Sivil D\u00fc\u015f\u00fcn Program\u0131 Ki\u015fisel Verilerin Korunmas\u0131, \u0130\u015flenmesi, Saklanmas\u0131 ve \u0130mhas\u0131 Politikas\u0131<\/span>\n  <\/a>\n\n<a href=\"https:\/\/www.sivildusun.net\/yedek18062024\/wp-content\/uploads\/2021\/03\/Privacy-Statement.docx\" target=\"_blank\" class=\"button secondary is-underline is-small\" rel=\"noopener\"  >\n    <span>European Union Sivil D\u00fc\u015f\u00fcn Programme-Privacy Statement<\/span>\n  <\/a>\n\n\t\t<\/div>\n\t\t\t\t\t<\/div>\n\n\t\n\n\t<div id=\"col-23940974\" class=\"col medium-4 small-12 large-4\"  >\n\t\t\t\t<div class=\"col-inner text-center\"  >\n\t\t\t\n\t\t\t\n<a href=\"https:\/\/www.sivildusun.net\/yedek18062024\/sivil-dusun-yayin-politikasi\/\" target=\"_blank\" class=\"button success is-underline is-small\" rel=\"noopener\"  >\n    <span>Sivil D\u00fc\u015f\u00fcn Yay\u0131n Politikas\u0131<\/span>\n  <\/a>\n\n\t\t<\/div>\n\t\t\t\t\t<\/div>\n\n\t\n\n<style>\n#row-2033717648 > .col > .col-inner {\n  padding: 36px 0px 0px 0px;\n}\n<\/style>\n<\/div>\n\t\t<\/div>\n\n\t\t\n<style>\n#section_1508847187 {\n  padding-top: 30px;\n  padding-bottom: 30px;\n}\n<\/style>\n\t<\/section>\n\t\n","protected":false},"excerpt":{"rendered":"","protected":false},"author":1,"featured_media":23567,"parent":0,"menu_order":0,"comment_status":"closed","ping_status":"closed","template":"page-blank.php","meta":{"footnotes":""},"_links":{"self":[{"href":"https:\/\/www.sivildusun.net\/yedek18062024\/wp-json\/wp\/v2\/pages\/22987"}],"collection":[{"href":"https:\/\/www.sivildusun.net\/yedek18062024\/wp-json\/wp\/v2\/pages"}],"about":[{"href":"https:\/\/www.sivildusun.net\/yedek18062024\/wp-json\/wp\/v2\/types\/page"}],"author":[{"embeddable":true,"href":"https:\/\/www.sivildusun.net\/yedek18062024\/wp-json\/wp\/v2\/users\/1"}],"replies":[{"embeddable":true,"href":"https:\/\/www.sivildusun.net\/yedek18062024\/wp-json\/wp\/v2\/comments?post=22987"}],"version-history":[{"count":0,"href":"https:\/\/www.sivildusun.net\/yedek18062024\/wp-json\/wp\/v2\/pages\/22987\/revisions"}],"wp:featuredmedia":[{"embeddable":true,"href":"https:\/\/www.sivildusun.net\/yedek18062024\/wp-json\/wp\/v2\/media\/23567"}],"wp:attachment":[{"href":"https:\/\/www.sivildusun.net\/yedek18062024\/wp-json\/wp\/v2\/media?parent=22987"}],"curies":[{"name":"wp","href":"https:\/\/api.w.org\/{rel}","templated":true}]}}