{"id":23209,"date":"2021-02-11T14:17:56","date_gmt":"2021-02-11T11:17:56","guid":{"rendered":"https:\/\/sd.interkeydijital.com\/?page_id=23209"},"modified":"2021-02-11T14:23:42","modified_gmt":"2021-02-11T11:23:42","slug":"sozkucugun","status":"publish","type":"page","link":"https:\/\/www.sivildusun.net\/yedek18062024\/yer-al\/sozkucugun\/","title":{"rendered":"#S\u00f6zK\u00fc\u00e7\u00fc\u011f\u00fcn"},"content":{"rendered":"\t<section class=\"section\" id=\"section_1121771317\">\n\t\t<div class=\"bg section-bg fill bg-fill  bg-loaded\" >\n\n\t\t\t\n\t\t\t<div class=\"loading-spin centered\"><\/div>\n\t\t\t\n\n\t\t<\/div>\n\n\t\t\n\n\t\t<div class=\"section-content relative\">\n\t\t\t\n<div class=\"row\"  id=\"row-260978619\">\n\n\t<div id=\"col-543835636\" class=\"col medium-3 small-12 large-3\"  >\n\t\t\t\t<div class=\"col-inner\"  >\n\t\t\t\n\t\t\t\n<div class=\"row rightsidebar\"  id=\"row-270829907\">\n\n\n\t<div id=\"col-1055578428\" class=\"col small-12 large-12\"  >\n\t\t\t\t<div class=\"col-inner box-shadow-3\"  >\n\t\t\t\n\t\t\t\n\n\n\t\t<div class=\"icon-box featured-box icon-box-left text-left\"  >\n\t\t\t\t<div class=\"icon-box-text last-reset\">\n\t\t\t\t\t\t\t\t\t\n\n\t<div id=\"gap-804441279\" class=\"gap-element clearfix\" style=\"display:block; height:auto;\">\n\t\t\n<style>\n#gap-804441279 {\n  padding-top: 6px;\n}\n<\/style>\n\t<\/div>\n\t\n\n<h3>Yer Al<\/h3>\n<div class=\"is-divider divider clearfix\" style=\"max-width:100%;background-color:rgb(233, 72, 63);\"><\/div>\n\n\n\t\t<\/div>\n\t<\/div>\n\t\n\t\n<p>[bellows config_id=\"main\" menu=\"6465\"]<\/p>\n\n\t\t<\/div>\n\t\t\t\t\n<style>\n#col-1055578428 > .col-inner {\n  padding: 0px 10px 0px 10px;\n}\n<\/style>\n\t<\/div>\n\n\t\n\n<\/div>\n\t\t<\/div>\n\t\t\t\t\t<\/div>\n\n\t\n\n\t<div id=\"col-2108378522\" class=\"col medium-9 small-12 large-9\"  >\n\t\t\t\t<div class=\"col-inner\"  >\n\t\t\t\n\t\t\t\n<div class=\"row align-equal\"  id=\"row-412164241\">\n\n\t<div id=\"col-1310294409\" class=\"col small-12 large-12\"  >\n\t\t\t\t<div class=\"col-inner\"  >\n\t\t\t\n\t\t\t\n  <div id=\"page-header-865737601\" class=\"page-header-wrapper\">\n  <div class=\"page-title light divided-title\">\n\n    \n    <div class=\"page-title-inner container align-center flex-row medium-flex-wrap\" >\n              <div class=\"title-wrapper is-xlarge flex-col text-left medium-text-center\">\n          <h1 class=\"entry-title mb-0\">\n            #S\u00f6zK\u00fc\u00e7\u00fc\u011f\u00fcn          <\/h1>\n        <\/div>\n                    <div class=\"title-content flex-col flex-right text-right medium-text-center\">\n        <div class=\"title-breadcrumbs pb-half pt-half\"><\/div>      <\/div>\n    <\/div>\n\n       <\/div>\n  <div class=\"container header-wrapper-divider\"><hr\/><\/div>  <\/div>\n  \n<div class=\"wpb_text_column wpb_content_element wpb_animate_when_almost_visible wpb_appear appear vc_custom_1493131190475 amatic amatic-big-heading green-text wpb_start_animation animated\">\n<div class=\"wpb_wrapper\">\n<p>2016 Nisan ay\u0131nda \u00e7ocuklar i\u00e7in de\u011fil \u00e7ocuklarla birlikte d\u00fc\u015f\u00fcnelim diyerek #S\u00f6zK\u00fc\u00e7\u00fc\u011f\u00fcn kampanyas\u0131n\u0131 ba\u015flatt\u0131k. \u00c7ocu\u011fun ya\u015fam hakk\u0131n\u0131, \u00e7ocuk kat\u0131l\u0131m\u0131n\u0131; \u00e7ocuk koruma, sosyal yard\u0131m, adalet, sa\u011fl\u0131k ve e\u011fitim alan\u0131nda \u00e7al\u0131\u015fan aktivistler ve sivil akt\u00f6rlerin payla\u015ft\u0131\u011f\u0131 yaz\u0131larla tart\u0131\u015ft\u0131k.<\/p>\n<\/div>\n<\/div>\n\t<div id=\"gap-1675169648\" class=\"gap-element clearfix\" style=\"display:block; height:auto;\">\n\t\t\n<style>\n#gap-1675169648 {\n  padding-top: 30px;\n}\n<\/style>\n\t<\/div>\n\t\n<div class=\"row align-equal\"  id=\"row-404990428\">\n\n\t<div id=\"col-1143809383\" class=\"col small-12 large-12\"  >\n\t\t\t\t<div class=\"col-inner box-shadow-3\"  >\n\t\t\t\n\t\t\t\n<div class=\"row\"  id=\"row-1756339030\">\n\n\t<div id=\"col-835432159\" class=\"col medium-5 small-12 large-5\"  >\n\t\t\t\t<div class=\"col-inner\"  >\n\t\t\t\n\t\t\t\n\t<div class=\"img has-hover x md-x lg-x y md-y lg-y\" id=\"image_874073516\">\n\t\t\t\t\t\t\t\t<div class=\"img-inner dark\" >\n\t\t\t<img fetchpriority=\"high\" decoding=\"async\" width=\"400\" height=\"250\" src=\"https:\/\/www.sivildusun.net\/yedek18062024\/wp-content\/uploads\/2021\/02\/child-poverty-400x250-1.png\" class=\"attachment-large size-large\" alt=\"\" \/>\t\t\t\t\t\t\n\t\t\t\t\t<\/div>\n\t\t\t\t\t\t\t\t\n<style>\n#image_874073516 {\n  width: 100%;\n}\n<\/style>\n\t<\/div>\n\t\n\t\t<\/div>\n\t\t\t\t\t<\/div>\n\n\t\n\n\t<div id=\"col-1094253786\" class=\"col medium-7 small-12 large-7\"  >\n\t\t\t\t<div class=\"col-inner\"  >\n\t\t\t\n\t\t\t\n<h2>Seda Ak\u00e7o Bilen ve B\u00fcrge Akbulut #S\u00f6zK\u00fc\u00e7\u00fc\u011f\u00fcn i\u00e7in yazd\u0131<\/h2>\n<p><em><strong>\u00c7ocuk Haklar\u0131 S\u00f6zle\u015fmesi\u2019nin ula\u015famad\u0131\u011f\u0131 \u00e7ocuklar<\/strong><br \/>\u201c<\/em><i>\u00c7ok say\u0131da \u00e7ocuk son 25 y\u0131lda sa\u011flanan ilerlemenin d\u0131\u015f\u0131nda kalm\u0131\u015ft\u0131r. Bu e\u015fitsizliklerin bedeli de, hemen ve en trajik bi\u00e7imde \u00e7ocuklar\u0131n kendileri taraf\u0131ndan \u00f6denmektedir. Bununla birlikte, uzun d\u00f6nemdeki etkiler gelecek ku\u015faklara da uzanmakta, bu \u00e7ocuklar\u0131n toplumlar\u0131n\u0131n g\u00fcc\u00fcn\u00fc eksiltmektedir. Dolay\u0131s\u0131yla, bu e\u015fitsizliklerin ele al\u0131nmas\u0131 ve azalt\u0131lmas\u0131 yaln\u0131zca yap\u0131lacak do\u011fru bir i\u015f olmakla kalmayacak \u2013 \u00c7ocuk Haklar\u0131na dair S\u00f6zle\u015fme\u2019nin ruhuna sad\u0131k kal\u0131nmas\u0131 \u2013 ayn\u0131 zamanda nesnel getiriler sa\u011flayacak stratejik bir hamle olacakt\u0131r.\u201d<\/i><em>(UNICEF 2015 D\u00fcnya \u00c7ocuklar\u0131n\u0131n Durumu Raporu)<\/em><\/p>\n<p>Yaz\u0131n\u0131n devam\u0131 i\u00e7in\u00a0<a href=\"https:\/\/www.sivildusun.net\/yedek18062024\/cocuk-haklari-sozlesmesinin-ulasamadigi-cocuklar\/\" target=\"_blank\" rel=\"noopener\"><strong>t\u0131klay\u0131n\u0131z.<\/strong><\/a><\/p>\n\t\t<\/div>\n\t\t\t\t\t<\/div>\n\n\t\n<\/div>\n\t\t<\/div>\n\t\t\t\t\t<\/div>\n\n\t\n\n\t<div id=\"col-394731404\" class=\"col small-12 large-12\"  >\n\t\t\t\t<div class=\"col-inner box-shadow-3\"  >\n\t\t\t\n\t\t\t\n<div class=\"row\"  id=\"row-1272608444\">\n\n\t<div id=\"col-123212460\" class=\"col medium-5 small-12 large-5\"  >\n\t\t\t\t<div class=\"col-inner\"  >\n\t\t\t\n\t\t\t\n\t<div class=\"img has-hover x md-x lg-x y md-y lg-y\" id=\"image_483222749\">\n\t\t\t\t\t\t\t\t<div class=\"img-inner dark\" >\n\t\t\t<img decoding=\"async\" width=\"400\" height=\"250\" src=\"https:\/\/www.sivildusun.net\/yedek18062024\/wp-content\/uploads\/2021\/02\/cocuk-cezaevi-400x250-1.png\" class=\"attachment-large size-large\" alt=\"\" \/>\t\t\t\t\t\t\n\t\t\t\t\t<\/div>\n\t\t\t\t\t\t\t\t\n<style>\n#image_483222749 {\n  width: 100%;\n}\n<\/style>\n\t<\/div>\n\t\n\t\t<\/div>\n\t\t\t\t\t<\/div>\n\n\t\n\n\t<div id=\"col-1176004166\" class=\"col medium-7 small-12 large-7\"  >\n\t\t\t\t<div class=\"col-inner\"  >\n\t\t\t\n\t\t\t\n<h2>Alper Yal\u00e7\u0131n #S\u00f6zK\u00fc\u00e7\u00fc\u011f\u00fcn i\u00e7in yazd\u0131<b><\/b><\/h2>\n<p><em><strong>\u00c7ocuklar i\u00e7in de\u011fil, \u00e7ocuklarla birlikte d\u00fc\u015f\u00fcnmek<\/strong><\/em><br \/><em>Birle\u015fmi\u015f Milletler \u00c7ocuk Haklar\u0131 S\u00f6zle\u015fmesi\u2019nin ve T\u00fcrkiye\u2019nin ulusal yasas\u0131 olan \u00c7ocuk Koruma Kanunu\u2019nun temel ilkelerinden biri \u00e7ocuklar\u0131n kat\u0131l\u0131m haklar\u0131 olarak tan\u0131mlanmaktad\u0131r. Kat\u0131l\u0131m hakk\u0131 \u00f6zetle \u00e7ocuklar\u0131n kendilerini ilgilendiren her konuda d\u00fc\u015f\u00fcncelerini \u00f6zg\u00fcrce ifade etme, karar verme mekanizmalar\u0131nda temsiliyetlerinin sa\u011flanmas\u0131 ve s\u00f6z haklar\u0131n\u0131n olmas\u0131, \u00f6rg\u00fctlenme, toplant\u0131 ve g\u00f6steri y\u00fcr\u00fcy\u00fc\u015fleri d\u00fczenleme ve kat\u0131lmalar\u0131 anlam\u0131na gelmektedir\u2026<\/em><\/p>\n<p>Yaz\u0131n\u0131n devam\u0131 i\u00e7in\u00a0<a href=\"https:\/\/www.sivildusun.net\/yedek18062024\/cocuklar-icin-degil-cocuklarla-birlikte-dusunmek\/\" target=\"_blank\" rel=\"noopener\"><strong>t\u0131klay\u0131n\u0131z.<\/strong><\/a><\/p>\n\t\t<\/div>\n\t\t\t\t\t<\/div>\n\n\t\n<\/div>\n\t\t<\/div>\n\t\t\t\t\t<\/div>\n\n\t\n\n\t<div id=\"col-7189525\" class=\"col small-12 large-12\"  >\n\t\t\t\t<div class=\"col-inner box-shadow-3\"  >\n\t\t\t\n\t\t\t\n<div class=\"row\"  id=\"row-660207924\">\n\n\t<div id=\"col-937500982\" class=\"col medium-5 small-12 large-5\"  >\n\t\t\t\t<div class=\"col-inner\"  >\n\t\t\t\n\t\t\t\n\t<div class=\"img has-hover x md-x lg-x y md-y lg-y\" id=\"image_1042574552\">\n\t\t\t\t\t\t\t\t<div class=\"img-inner dark\" >\n\t\t\t<img decoding=\"async\" width=\"400\" height=\"250\" src=\"https:\/\/www.sivildusun.net\/yedek18062024\/wp-content\/uploads\/2021\/02\/holdinghandsPSe1382112050807-400x250-1.jpg\" class=\"attachment-large size-large\" alt=\"\" \/>\t\t\t\t\t\t\n\t\t\t\t\t<\/div>\n\t\t\t\t\t\t\t\t\n<style>\n#image_1042574552 {\n  width: 100%;\n}\n<\/style>\n\t<\/div>\n\t\n\t\t<\/div>\n\t\t\t\t\t<\/div>\n\n\t\n\n\t<div id=\"col-650063399\" class=\"col medium-7 small-12 large-7\"  >\n\t\t\t\t<div class=\"col-inner\"  >\n\t\t\t\n\t\t\t\n<div class=\"wpb_text_column wpb_content_element vc_custom_1493132376676\">\n<div class=\"wpb_wrapper\">\n<div class=\"wpb_text_column wpb_content_element  vc_custom_1479384124778\">\n<div class=\"wpb_wrapper\">\n<h2>Mustafa Eren #S\u00f6zK\u00fc\u00e7\u00fc\u011f\u00fcn i\u00e7in yazd\u0131<\/h2>\n<\/div>\n<\/div>\n<div class=\"wpb_text_column wpb_content_element \">\n<div class=\"wpb_wrapper\">\n<p class=\"cmsms_post_title entry-title\"><em><strong>\u00c7ocuk mahpuslara y\u00f6nelik tecav\u00fczler, hak talepleri<br \/><\/strong>T\u00fcrkiye\u2019de hapishaneler s\u00f6z konusu oldu\u011funda akla ilk gelenler \u201creformlar\u201d, \u201ciyile\u015ftirmeler\u201d, \u201columlu ko\u015fullar\u201d, \u201ciyi \u00f6rnekler\u201d de\u011fil ne yaz\u0131k ki. Hapishaneler, T\u00fcrkiye\u2019de, k\u00f6t\u00fc muamele, yang\u0131nlar, kapasite fazlal\u0131\u011f\u0131, \u00f6l\u00fcmler, \u00f6l\u00fcm oru\u00e7lar\u0131 ile beraber g\u00fcndeme gelebiliyor. Bu bak\u0131\u015f a\u00e7\u0131s\u0131n\u0131 ortadan kald\u0131rabilecek olduk\u00e7a az \u00f6rnek var ve bunun ba\u015fl\u0131ca nedenini de devletin, sivil toplumun bu alanda daha etkin ve aktif yer alabilmesini engelleyen tutumu olu\u015fturuyor\u2026<\/em><\/p>\n<p>Yaz\u0131n\u0131n devam\u0131 i\u00e7in\u00a0<a href=\"https:\/\/www.sivildusun.net\/yedek18062024\/cocuk-mahpuslara-yonelik-tecavuzler-hak-talepleri\/\" target=\"_blank\" rel=\"noopener\"><strong>t\u0131klay\u0131n\u0131z.<\/strong><\/a><\/p>\n<\/div>\n<\/div>\n<\/div>\n<\/div>\n<div class=\"wpb_text_column wpb_content_element \">\n<div class=\"wpb_wrapper\">\u00a0<\/div>\n<\/div>\n\t\t<\/div>\n\t\t\t\t\t<\/div>\n\n\t\n<\/div>\n\t\t<\/div>\n\t\t\t\t\t<\/div>\n\n\t\n\n\t<div id=\"col-1647332871\" class=\"col small-12 large-12\"  >\n\t\t\t\t<div class=\"col-inner box-shadow-3\"  >\n\t\t\t\n\t\t\t\n<div class=\"row\"  id=\"row-1226790937\">\n\n\t<div id=\"col-1264066041\" class=\"col medium-5 small-12 large-5\"  >\n\t\t\t\t<div class=\"col-inner\"  >\n\t\t\t\n\t\t\t\n\t<div class=\"img has-hover x md-x lg-x y md-y lg-y\" id=\"image_2000580401\">\n\t\t\t\t\t\t\t\t<div class=\"img-inner dark\" >\n\t\t\t<img loading=\"lazy\" decoding=\"async\" width=\"400\" height=\"250\" src=\"https:\/\/www.sivildusun.net\/yedek18062024\/wp-content\/uploads\/2021\/02\/well-being-400x250-1.png\" class=\"attachment-large size-large\" alt=\"\" \/>\t\t\t\t\t\t\n\t\t\t\t\t<\/div>\n\t\t\t\t\t\t\t\t\n<style>\n#image_2000580401 {\n  width: 100%;\n}\n<\/style>\n\t<\/div>\n\t\n\t\t<\/div>\n\t\t\t\t\t<\/div>\n\n\t\n\n\t<div id=\"col-994928893\" class=\"col medium-7 small-12 large-7\"  >\n\t\t\t\t<div class=\"col-inner\"  >\n\t\t\t\n\t\t\t\n<div class=\"wpb_text_column wpb_content_element vc_custom_1493132716927\">\n<div class=\"wpb_wrapper\">\n<div class=\"wpb_text_column wpb_content_element  vc_custom_1479384317352\">\n<div class=\"wpb_wrapper\">\n<h2>Abdullah Karatay\u00a0#S\u00f6zK\u00fc\u00e7\u00fc\u011f\u00fcn i\u00e7in yazd\u0131<\/h2>\n<\/div>\n<\/div>\n<div class=\"wpb_text_column wpb_content_element \">\n<div class=\"wpb_wrapper\">\n<header><strong>\u00c7ocuk haklar\u0131 ve \u00e7ocu\u011fun iyilik hali<\/strong><br \/><em>D\u00fcnyaya, iyi d\u00fc\u015f\u00fcnceler ya da \u00fctopyalar genelde uygulamalardan \u00f6nce gelir. Elbette onlar\u0131n kendinden \u00f6nce ya\u015fanm\u0131\u015f felaketlerle hesapla\u015fmas\u0131 da vard\u0131r; ama genelde \u2018erkencidir\u2019 \u00fctopya. \u00d6n\u00fcm\u00fczde ko\u015fup gider \u00fctopya. Vicdan\u0131m\u0131z\u0131n, iyilik yapma iste\u011fimizin, e\u015fitsiz toplumsal ko\u015fullardaki engelleri a\u015fa a\u015fa ilerleyen yanlar\u0131m\u0131zdan biridir \u00fctopya\u2026<\/em><\/br><br \/>\n<\/br><br \/>\nYaz\u0131n\u0131n devam\u0131 i\u00e7in\u00a0<strong><a href=\"https:\/\/www.sivildusun.net\/yedek18062024\/cocuk-haklari-ve-cocugun-iyilik-hali\/\" target=\"_blank\" rel=\"noopener\">t\u0131klay\u0131n\u0131z.<\/a><\/strong><\/header>\n<\/div>\n<\/div>\n<\/div>\n<\/div>\n<div class=\"wpb_text_column wpb_content_element \">\n<div class=\"wpb_wrapper\">\u00a0<\/div>\n<\/div>\n\t\t<\/div>\n\t\t\t\t\t<\/div>\n\n\t\n<\/div>\n\t\t<\/div>\n\t\t\t\t\t<\/div>\n\n\t\n\n<style>\n#row-404990428 > .col > .col-inner {\n  padding: 20px 20px 20px 20px;\n}\n<\/style>\n<\/div>\n\t\t<\/div>\n\t\t\t\t\n<style>\n#col-1310294409 > .col-inner {\n  padding: 30px 30px 30px 30px;\n  border-radius: 8px;\n}\n<\/style>\n\t<\/div>\n\n\t\n\n<style>\n#row-412164241 > .col > .col-inner {\n  padding: 20px 20px 20px 20px;\n}\n<\/style>\n<\/div>\n\t\t<\/div>\n\t\t\t\t\t<\/div>\n\n\t\n<\/div>\n\t\t<\/div>\n\n\t\t\n<style>\n#section_1121771317 {\n  padding-top: 30px;\n  padding-bottom: 30px;\n}\n<\/style>\n\t<\/section>\n\t\n","protected":false},"excerpt":{"rendered":"","protected":false},"author":6,"featured_media":23567,"parent":727,"menu_order":0,"comment_status":"closed","ping_status":"closed","template":"page-blank.php","meta":{"footnotes":""},"_links":{"self":[{"href":"https:\/\/www.sivildusun.net\/yedek18062024\/wp-json\/wp\/v2\/pages\/23209"}],"collection":[{"href":"https:\/\/www.sivildusun.net\/yedek18062024\/wp-json\/wp\/v2\/pages"}],"about":[{"href":"https:\/\/www.sivildusun.net\/yedek18062024\/wp-json\/wp\/v2\/types\/page"}],"author":[{"embeddable":true,"href":"https:\/\/www.sivildusun.net\/yedek18062024\/wp-json\/wp\/v2\/users\/6"}],"replies":[{"embeddable":true,"href":"https:\/\/www.sivildusun.net\/yedek18062024\/wp-json\/wp\/v2\/comments?post=23209"}],"version-history":[{"count":0,"href":"https:\/\/www.sivildusun.net\/yedek18062024\/wp-json\/wp\/v2\/pages\/23209\/revisions"}],"up":[{"embeddable":true,"href":"https:\/\/www.sivildusun.net\/yedek18062024\/wp-json\/wp\/v2\/pages\/727"}],"wp:featuredmedia":[{"embeddable":true,"href":"https:\/\/www.sivildusun.net\/yedek18062024\/wp-json\/wp\/v2\/media\/23567"}],"wp:attachment":[{"href":"https:\/\/www.sivildusun.net\/yedek18062024\/wp-json\/wp\/v2\/media?parent=23209"}],"curies":[{"name":"wp","href":"https:\/\/api.w.org\/{rel}","templated":true}]}}