{"id":27306,"date":"2021-09-03T12:31:24","date_gmt":"2021-09-03T09:31:24","guid":{"rendered":"https:\/\/www.sivildusun.net\/?page_id=27306"},"modified":"2021-09-09T14:24:37","modified_gmt":"2021-09-09T11:24:37","slug":"sivil-dusun-yayinlari","status":"publish","type":"page","link":"https:\/\/www.sivildusun.net\/yedek18062024\/bilgi-al\/kutuphane\/sivil-dusun-yayinlari\/","title":{"rendered":"Sivil D\u00fc\u015f\u00fcn Yay\u0131nlar\u0131"},"content":{"rendered":"\t<section class=\"section\" id=\"section_517720396\">\n\t\t<div class=\"bg section-bg fill bg-fill  bg-loaded\" >\n\n\t\t\t\n\t\t\t<div class=\"loading-spin centered\"><\/div>\n\t\t\t\n\n\t\t<\/div>\n\n\t\t\n\n\t\t<div class=\"section-content relative\">\n\t\t\t\n<div class=\"row\"  id=\"row-1141262347\">\n\n\t<div id=\"col-796192880\" class=\"col medium-3 small-12 large-3\"  >\n\t\t\t\t<div class=\"col-inner\"  >\n\t\t\t\n\t\t\t\n<div class=\"row rightsidebar\"  id=\"row-1454505492\">\n\n\n\t<div id=\"col-453590054\" class=\"col small-12 large-12\"  >\n\t\t\t\t<div class=\"col-inner box-shadow-3\"  >\n\t\t\t\n\t\t\t\n\n\n\t\t<div class=\"icon-box featured-box icon-box-left text-left\"  >\n\t\t\t\t<div class=\"icon-box-text last-reset\">\n\t\t\t\t\t\t\t\t\t\n\n\t<div id=\"gap-1963305094\" class=\"gap-element clearfix\" style=\"display:block; height:auto;\">\n\t\t\n<style>\n#gap-1963305094 {\n  padding-top: 6px;\n}\n<\/style>\n\t<\/div>\n\t\n\n<h3>Bilgi Al<\/h3>\n<div class=\"is-divider divider clearfix\" style=\"max-width:100%;background-color:rgb(233, 72, 63);\"><\/div>\n\n\n\t\t<\/div>\n\t<\/div>\n\t\n\t\n<p>[bellows config_id=\"main\" menu=\"6464\"]<\/p>\n<a data-animate=\"fadeInLeft\" href=\"https:\/\/mis.sivildusun.eu\/\" target=\"_blank\" class=\"button alert lowercase expand\" rel=\"noopener\"  >\n    <span>Ba\u015fvuru Yap<\/span>\n  <\/a>\n\n\n\n\t\t<\/div>\n\t\t\t\t\n<style>\n#col-453590054 > .col-inner {\n  padding: 0px 10px 0px 10px;\n}\n<\/style>\n\t<\/div>\n\n\t\n\n<\/div>\n\t\t<\/div>\n\t\t\t\t\t<\/div>\n\n\t\n\n\t<div id=\"col-2044979584\" class=\"col medium-9 small-12 large-9\"  >\n\t\t\t\t<div class=\"col-inner\"  >\n\t\t\t\n\t\t\t\n<div class=\"row align-equal row-dashed\"  id=\"row-1485490905\">\n\n\t<div id=\"col-1387360820\" class=\"col small-12 large-12\"  >\n\t\t\t\t<div class=\"col-inner\"  >\n\t\t\t\n\t\t\t\n  <div id=\"page-header-1514579783\" class=\"page-header-wrapper\">\n  <div class=\"page-title light divided-title\">\n\n    \n    <div class=\"page-title-inner container align-center flex-row medium-flex-wrap\" >\n              <div class=\"title-wrapper is-xlarge flex-col text-left medium-text-center\">\n          <h1 class=\"entry-title mb-0\">\n            Sivil D\u00fc\u015f\u00fcn Yay\u0131nlar\u0131          <\/h1>\n        <\/div>\n                    <div class=\"title-content flex-col flex-right text-right medium-text-center\">\n        <div class=\"title-breadcrumbs pb-half pt-half\"><\/div>      <\/div>\n    <\/div>\n\n       <\/div>\n  <div class=\"container header-wrapper-divider\"><hr\/><\/div>  <\/div>\n  \n\t<div id=\"gap-1942660755\" class=\"gap-element clearfix\" style=\"display:block; height:auto;\">\n\t\t\n<style>\n#gap-1942660755 {\n  padding-top: 30px;\n}\n<\/style>\n\t<\/div>\n\t\n<div class=\"row\"  id=\"row-1003313745\">\n\n\t<div id=\"col-810870953\" class=\"col small-12 large-12\"  >\n\t\t\t\t<div class=\"col-inner\"  >\n\t\t\t\n\t\t\t\n<div class=\"dflip-books\"><div class=\"_df_thumb \" id=\"df_33707\"  books=\"sivil-dusun-yayinlari\" limit=\"-1\" data-title=\"\" _slug=\"33707\" wpoptions=\"true\" thumb=\"https:\/\/www.sivildusun.net\/yedek18062024\/wp-content\/uploads\/2023\/12\/topluluklara-giris.png\" thumbtype=\"bg\" >Open Book<\/div><script class=\"df-shortcode-script\" type=\"application\/javascript\">window.option_df_33707 = {\"outline\":[],\"forceFit\":\"true\",\"autoEnableOutline\":\"false\",\"autoEnableThumbnail\":\"false\",\"overwritePDFOutline\":\"false\",\"direction\":\"1\",\"pageSize\":\"0\",\"source\":\"https:\\\/\\\/www.sivildusun.net\\\/yedek18062024\\\/wp-content\\\/uploads\\\/2023\\\/12\\\/topluluklara-giris_brosur.pdf\",\"wpOptions\":\"true\"}; if(window.DFLIP && window.DFLIP.parseBooks){window.DFLIP.parseBooks();}<\/script><div class=\"_df_thumb \" id=\"df_27378\"  books=\"sivil-dusun-yayinlari\" limit=\"-1\" data-title=\"sivil-dusun-video-produksiyon-rehberi\" _slug=\"test-pdf\" wpoptions=\"true\" thumb=\"https:\/\/www.sivildusun.net\/yedek18062024\/wp-content\/uploads\/2021\/09\/Video-Produksiyon-Rehberi-kapak-tek.jpg\" thumbtype=\"bg\" >Sivil D\u00fc\u015f\u00fcn Video Prod\u00fcksiyon Rehberi<\/div><script class=\"df-shortcode-script\" type=\"application\/javascript\">window.option_df_27378 = {\"outline\":[],\"forceFit\":\"true\",\"autoEnableOutline\":\"false\",\"autoEnableThumbnail\":\"false\",\"overwritePDFOutline\":\"false\",\"direction\":\"1\",\"pageSize\":\"0\",\"source\":\"https:\\\/\\\/www.sivildusun.net\\\/yedek18062024\\\/wp-content\\\/uploads\\\/2023\\\/06\\\/Sivil-Dusun-video-produksiyon-rehberi.pdf\",\"wpOptions\":\"true\"}; if(window.DFLIP && window.DFLIP.parseBooks){window.DFLIP.parseBooks();}<\/script><div class=\"_df_thumb \" id=\"df_27401\"  books=\"sivil-dusun-yayinlari\" limit=\"-1\" data-title=\"sivil-dusun-ve-destekleriyle-tanistiniz-mi\" _slug=\"sivil-dusun-ve-destekleriyle-tanistiniz-mi\" wpoptions=\"true\" thumb=\"https:\/\/www.sivildusun.net\/yedek18062024\/wp-content\/uploads\/2021\/09\/ACM-Booklet-Baski-kapak-tek.jpg\" thumbtype=\"bg\" >Sivil D\u00fc\u015f\u00fcn ve Destekleriyle Tan\u0131\u015ft\u0131n\u0131z m\u0131?<\/div><script class=\"df-shortcode-script\" type=\"application\/javascript\">window.option_df_27401 = {\"outline\":[],\"forceFit\":\"true\",\"autoEnableOutline\":\"false\",\"autoEnableThumbnail\":\"false\",\"overwritePDFOutline\":\"false\",\"direction\":\"1\",\"pageSize\":\"0\",\"source\":\"https:\\\/\\\/www.sivildusun.net\\\/yedek18062024\\\/wp-content\\\/uploads\\\/2024\\\/04\\\/ACM-Booklet-2024.pdf\",\"wpOptions\":\"true\"}; if(window.DFLIP && window.DFLIP.parseBooks){window.DFLIP.parseBooks();}<\/script><div class=\"_df_thumb \" id=\"df_27494\"  books=\"sivil-dusun-yayinlari\" limit=\"-1\" data-title=\"aktif-vatandaslik-kilavuzu-fikirfeza-genclik-hackathonu\" _slug=\"aktif-vatandaslik-kilavuzu-fikirfeza-genclik-hackathonu\" wpoptions=\"true\" thumb=\"https:\/\/www.sivildusun.net\/yedek18062024\/wp-content\/uploads\/2021\/09\/aktif-vatandas\u0327lik-kilavuzu.png\" thumbtype=\"bg\" >Aktif Vatanda\u015fl\u0131k K\u0131lavuzu | fikirfeza gen\u00e7lik hackathonu<\/div><script class=\"df-shortcode-script\" type=\"application\/javascript\">window.option_df_27494 = {\"outline\":[],\"forceFit\":\"true\",\"autoEnableOutline\":\"false\",\"autoEnableThumbnail\":\"false\",\"overwritePDFOutline\":\"false\",\"direction\":\"1\",\"pageSize\":\"0\",\"source\":\"https:\\\/\\\/www.sivildusun.net\\\/yedek18062024\\\/wp-content\\\/uploads\\\/2022\\\/01\\\/Aktif-Vatandas\\u0327lik-I\\u0307c\\u0327erik-Kilavuzu.pdf\",\"wpOptions\":\"true\"}; if(window.DFLIP && window.DFLIP.parseBooks){window.DFLIP.parseBooks();}<\/script><div class=\"_df_thumb \" id=\"df_27481\"  books=\"sivil-dusun-yayinlari\" limit=\"-1\" data-title=\"sivil-hareket-2021-ve-otesi-dijital-forum-kitapcigi\" _slug=\"sivil-hareket-2021-ve-otesi-forumu\" wpoptions=\"true\" thumb=\"https:\/\/www.sivildusun.net\/yedek18062024\/wp-content\/uploads\/2021\/09\/SD-Kitapcik-kapak-tek.jpg\" thumbtype=\"bg\" >Sivil Hareket 2021 ve \u00d6tesi Dijital Forum Kitap\u00e7\u0131\u011f\u0131<\/div><script class=\"df-shortcode-script\" type=\"application\/javascript\">window.option_df_27481 = {\"outline\":[],\"forceFit\":\"true\",\"autoEnableOutline\":\"false\",\"autoEnableThumbnail\":\"false\",\"overwritePDFOutline\":\"false\",\"direction\":\"1\",\"pageSize\":\"0\",\"source\":\"https:\\\/\\\/www.sivildusun.net\\\/yedek18062024\\\/wp-content\\\/uploads\\\/2022\\\/01\\\/Sivil-Hareket-2021-ve-O\\u0308tesi-Forum-Kitapc\\u0327ig\\u0306i.pdf\",\"wpOptions\":\"true\"}; if(window.DFLIP && window.DFLIP.parseBooks){window.DFLIP.parseBooks();}<\/script><div class=\"_df_thumb \" id=\"df_27479\"  books=\"sivil-dusun-yayinlari\" limit=\"-1\" data-title=\"sivil-dusun-destekleri-gorunurluk-rehberi\" _slug=\"gorunurluk-rehberi\" wpoptions=\"true\" thumb=\"https:\/\/www.sivildusun.net\/yedek18062024\/wp-content\/uploads\/2021\/09\/Gorunurluk-Rehberi-kapak-tek.jpg\" thumbtype=\"bg\" >Sivil D\u00fc\u015f\u00fcn Destekleri G\u00f6r\u00fcn\u00fcrl\u00fck Rehberi<\/div><script class=\"df-shortcode-script\" type=\"application\/javascript\">window.option_df_27479 = {\"outline\":[],\"forceFit\":\"true\",\"autoEnableOutline\":\"false\",\"autoEnableThumbnail\":\"false\",\"overwritePDFOutline\":\"false\",\"direction\":\"1\",\"pageSize\":\"0\",\"source\":\"https:\\\/\\\/www.sivildusun.net\\\/yedek18062024\\\/wp-content\\\/uploads\\\/2024\\\/02\\\/Sivil-Dusun-Gorunurluk-Rehberi-2024.pdf\",\"wpOptions\":\"true\"}; if(window.DFLIP && window.DFLIP.parseBooks){window.DFLIP.parseBooks();}<\/script><div class=\"_df_thumb \" id=\"df_27480\"  books=\"sivil-dusun-yayinlari\" limit=\"-1\" data-title=\"sivil-dusun-destekleri-uygulama-rehberi\" _slug=\"uygulama-rehberi\" wpoptions=\"true\" thumb=\"https:\/\/www.sivildusun.net\/yedek18062024\/wp-content\/uploads\/2023\/11\/Sivil-Dusun-Uygulama-Rehberi-01.png\" thumbtype=\"bg\" >Sivil D\u00fc\u015f\u00fcn Destekleri Uygulama Rehberi<\/div><script class=\"df-shortcode-script\" type=\"application\/javascript\">window.option_df_27480 = {\"outline\":[],\"forceFit\":\"true\",\"autoEnableOutline\":\"false\",\"autoEnableThumbnail\":\"false\",\"overwritePDFOutline\":\"false\",\"direction\":\"1\",\"pageSize\":\"0\",\"source\":\"https:\\\/\\\/www.sivildusun.net\\\/yedek18062024\\\/wp-content\\\/uploads\\\/2024\\\/01\\\/Sivil-Dusun-Uygulama-Rehberi-2024.pdf\",\"wpOptions\":\"true\"}; if(window.DFLIP && window.DFLIP.parseBooks){window.DFLIP.parseBooks();}<\/script><div class=\"_df_thumb \" id=\"df_27490\"  books=\"sivil-dusun-yayinlari\" limit=\"-1\" data-title=\"sivil-dusun-destekleri-basvuru-rehberi\" _slug=\"sivil-dusun-destekleri-basvuru-rehberi\" wpoptions=\"true\" thumb=\"https:\/\/www.sivildusun.net\/yedek18062024\/wp-content\/uploads\/2023\/11\/Sivil-Dusun-Basvuru-Rehberi-2023-01.png\" thumbtype=\"bg\" >Sivil D\u00fc\u015f\u00fcn Destekleri Ba\u015fvuru Rehberi<\/div><script class=\"df-shortcode-script\" type=\"application\/javascript\">window.option_df_27490 = {\"outline\":[],\"forceFit\":\"true\",\"autoEnableOutline\":\"false\",\"autoEnableThumbnail\":\"false\",\"overwritePDFOutline\":\"false\",\"direction\":\"1\",\"pageSize\":\"0\",\"source\":\"https:\\\/\\\/www.sivildusun.net\\\/yedek18062024\\\/wp-content\\\/uploads\\\/2024\\\/04\\\/Sivil-Dusun-Basvuru-Rehberi_2024.pdf\",\"wpOptions\":\"true\"}; if(window.DFLIP && window.DFLIP.parseBooks){window.DFLIP.parseBooks();}<\/script><\/div>\n\t\t<\/div>\n\t\t\t\t\t<\/div>\n\n\t\n<\/div>\n\t\t<\/div>\n\t\t\t\t\n<style>\n#col-1387360820 > .col-inner {\n  padding: 0px 30px 30px 30px;\n  border-radius: 8px;\n}\n<\/style>\n\t<\/div>\n\n\t\n<\/div>\n\t\t<\/div>\n\t\t\t\t\t<\/div>\n\n\t\n<\/div>\n\t\t<\/div>\n\n\t\t\n<style>\n#section_517720396 {\n  padding-top: 30px;\n  padding-bottom: 30px;\n}\n<\/style>\n\t<\/section>\n\t\n","protected":false},"excerpt":{"rendered":"","protected":false},"author":1,"featured_media":23567,"parent":22583,"menu_order":0,"comment_status":"closed","ping_status":"closed","template":"page-blank.php","meta":{"footnotes":""},"_links":{"self":[{"href":"https:\/\/www.sivildusun.net\/yedek18062024\/wp-json\/wp\/v2\/pages\/27306"}],"collection":[{"href":"https:\/\/www.sivildusun.net\/yedek18062024\/wp-json\/wp\/v2\/pages"}],"about":[{"href":"https:\/\/www.sivildusun.net\/yedek18062024\/wp-json\/wp\/v2\/types\/page"}],"author":[{"embeddable":true,"href":"https:\/\/www.sivildusun.net\/yedek18062024\/wp-json\/wp\/v2\/users\/1"}],"replies":[{"embeddable":true,"href":"https:\/\/www.sivildusun.net\/yedek18062024\/wp-json\/wp\/v2\/comments?post=27306"}],"version-history":[{"count":0,"href":"https:\/\/www.sivildusun.net\/yedek18062024\/wp-json\/wp\/v2\/pages\/27306\/revisions"}],"up":[{"embeddable":true,"href":"https:\/\/www.sivildusun.net\/yedek18062024\/wp-json\/wp\/v2\/pages\/22583"}],"wp:featuredmedia":[{"embeddable":true,"href":"https:\/\/www.sivildusun.net\/yedek18062024\/wp-json\/wp\/v2\/media\/23567"}],"wp:attachment":[{"href":"https:\/\/www.sivildusun.net\/yedek18062024\/wp-json\/wp\/v2\/media?parent=27306"}],"curies":[{"name":"wp","href":"https:\/\/api.w.org\/{rel}","templated":true}]}}