{"id":31046,"date":"2022-11-10T16:51:52","date_gmt":"2022-11-10T13:51:52","guid":{"rendered":"https:\/\/www.sivildusun.net\/?page_id=31046"},"modified":"2023-10-16T11:46:00","modified_gmt":"2023-10-16T08:46:00","slug":"basvurular-nasil-degerlendirilir","status":"publish","type":"page","link":"https:\/\/www.sivildusun.net\/yedek18062024\/destek-al\/destekler\/acik-destekler\/basvurular-nasil-degerlendirilir\/","title":{"rendered":"Ba\u015fvurular nas\u0131l de\u011ferlendirilir?"},"content":{"rendered":"\t<section class=\"section\" id=\"section_1327831013\">\n\t\t<div class=\"bg section-bg fill bg-fill  bg-loaded\" >\n\n\t\t\t\n\t\t\t<div class=\"loading-spin centered\"><\/div>\n\t\t\t\n\n\t\t<\/div>\n\n\t\t\n\n\t\t<div class=\"section-content relative\">\n\t\t\t\n<div class=\"row\"  id=\"row-1329432802\">\n\n\t<div id=\"col-226503236\" class=\"col medium-3 small-12 large-3\"  >\n\t\t\t\t<div class=\"col-inner\"  >\n\t\t\t\n\t\t\t\n<div class=\"row rightsidebar\"  id=\"row-1319052041\">\n\n\n\t<div id=\"col-639469365\" class=\"col small-12 large-12\"  >\n\t\t\t\t<div class=\"col-inner box-shadow-3\"  >\n\t\t\t\n\t\t\t\n\n\n\t\t<div class=\"icon-box featured-box icon-box-left text-left\"  >\n\t\t\t\t<div class=\"icon-box-text last-reset\">\n\t\t\t\t\t\t\t\t\t\n\n\t<div id=\"gap-835715100\" class=\"gap-element clearfix\" style=\"display:block; height:auto;\">\n\t\t\n<style>\n#gap-835715100 {\n  padding-top: 6px;\n}\n<\/style>\n\t<\/div>\n\t\n\n<h3>Destek Al<\/h3>\n<div class=\"is-divider divider clearfix\" style=\"max-width:100%;background-color:rgb(233, 72, 63);\"><\/div>\n\n\n\t\t<\/div>\n\t<\/div>\n\t\n\t\n<p>[bellows config_id=\"main\" menu=\"4\"]<\/p>\n<a data-animate=\"fadeInLeft\" href=\"https:\/\/mis.sivildusun.eu\/\" target=\"_blank\" class=\"button primary is-outline lowercase expand\" rel=\"noopener\"  >\n    <span>Ba\u015fvuru Yap<\/span>\n  <\/a>\n\n\n\n\t\t<\/div>\n\t\t\t\t\n<style>\n#col-639469365 > .col-inner {\n  padding: 0px 10px 0px 10px;\n}\n<\/style>\n\t<\/div>\n\n\t\n\n<\/div>\n\t\t<\/div>\n\t\t\t\t\t<\/div>\n\n\t\n\n\t<div id=\"col-111833656\" class=\"col medium-9 small-12 large-9\"  >\n\t\t\t\t<div class=\"col-inner\"  >\n\t\t\t\n\t\t\t\n<div class=\"row align-equal row-dashed\"  id=\"row-1045111914\">\n\n\t<div id=\"col-993161586\" class=\"col small-12 large-12\"  >\n\t\t\t\t<div class=\"col-inner\"  >\n\t\t\t\n\t\t\t\n\n\t\t<div class=\"icon-box featured-box icon-box-left text-left\"  >\n\t\t\t\t<div class=\"icon-box-text last-reset\">\n\t\t\t\t\t\t\t\t\t\n\t<div id=\"gap-1293496410\" class=\"gap-element clearfix\" style=\"display:block; height:auto;\">\n\t\t\n<style>\n#gap-1293496410 {\n  padding-top: 5px;\n}\n<\/style>\n\t<\/div>\n\t\n<h3 class=\"bigtitle\">A\u00e7\u0131k Destekler<\/h3>\n\t\t<\/div>\n\t<\/div>\n\t\n\t\n<h2>Ba\u015fvurular nas\u0131l de\u011ferlendirilir?<\/h2>\n<p><span style=\"font-weight: 400;\">Ba\u015fvurunuz Sivil D\u00fc\u015f\u00fcn\u2019e ula\u015fma s\u0131ras\u0131na g\u00f6re de\u011ferlendirilir ve sizin i\u00e7in bir Program Destek Uzman\u0131 g\u00f6revlendirilir. Bu uzman, t\u00fcm s\u00fcre\u00e7 boyunca soru ve sorunlar\u0131n\u0131z i\u00e7in sizinle ileti\u015fim halinde kal\u0131r. \u0130lk a\u015famada, Program Destek Uzman\u0131n\u0131z ba\u015fvurunuzun teknik uygunlu\u011funu belli kriterlere g\u00f6re inceler. \u0130kinci a\u015famada, Avrupa Birli\u011fi T\u00fcrkiye Delegasyonu taraf\u0131ndan onaylanan, hak odakl\u0131 bak\u0131\u015f a\u00e7\u0131s\u0131 bak\u0131m\u0131ndan yetkin bilgi ve deneyime sahip iki uzman, ba\u015fvurunuzu kontrolden ge\u00e7irir. Uzmanlar, hem birbirinden hem de Sivil D\u00fc\u015f\u00fcn\u2019den ba\u011f\u0131ms\u0131zd\u0131r. Sivil D\u00fc\u015f\u00fcn Ekibi, prosed\u00fcrlere uyuldu\u011fu ve kriterlerin tarafs\u0131z bi\u00e7imde uyguland\u0131\u011f\u0131ndan emin olmak i\u00e7in uzmanlar\u0131n \u00e7al\u0131\u015fmalar\u0131n\u0131 denetler. Sivil D\u00fc\u015f\u00fcn Ekip Lideri t\u00fcm \u015fikayet ve itirazlar\u0131 ba\u011f\u0131ms\u0131z bi\u00e7imde inceleyerek yan\u0131tlar.<\/span><\/p>\n<p><span style=\"font-weight: 400;\">\u0130yile\u015ftirme kontrol\u00fcn\u00fc i\u00e7eren son a\u015famada Sivil Du\u0308s\u0327u\u0308n, Uygunluk Kontrolu\u0308 Uzmanlar\u0131 taraf\u0131ndan verilen geri bildirimler ve o\u0308nerileri bas\u0327vuruya nas\u0131l yans\u0131tt\u0131\u011f\u0131n\u0131z\u0131 inceler ve gerekli d\u00fczenlemelerin yap\u0131lmas\u0131 i\u00e7in s\u00fcreci takip eder.<\/span><\/p>\n<p><span style=\"font-weight: 400;\">De\u011ferlendirme s\u00fcreci hakk\u0131nda endi\u015feleriniz varsa veya ba\u015fvurunuzun adil ve objektif bir \u015fekilde de\u011ferlendirilmedi\u011fini d\u00fc\u015f\u00fcn\u00fcyorsan\u0131z, <a href=\"https:\/\/www.sivildusun.net\/yedek18062024\/wp-content\/uploads\/2021\/02\/SD-BBSOD-Sikayet-Formu.pdf\" target=\"_blank\" rel=\"noopener\"><strong>\u015fikayet formunu indirip, doldurarak bize iletebilirsiniz.<\/strong><\/a><\/span><\/p>\n\t\t<\/div>\n\t\t\t\t\n<style>\n#col-993161586 > .col-inner {\n  padding: 30px 30px 30px 30px;\n  border-radius: 8px;\n}\n<\/style>\n\t<\/div>\n\n\t\n<\/div>\n\t\t<\/div>\n\t\t\t\t\t<\/div>\n\n\t\n<\/div>\n\t\t<\/div>\n\n\t\t\n<style>\n#section_1327831013 {\n  padding-top: 30px;\n  padding-bottom: 30px;\n}\n<\/style>\n\t<\/section>\n\t\n","protected":false},"excerpt":{"rendered":"","protected":false},"author":6,"featured_media":177,"parent":31091,"menu_order":1,"comment_status":"closed","ping_status":"closed","template":"page-single-page-nav.php","meta":{"footnotes":""},"_links":{"self":[{"href":"https:\/\/www.sivildusun.net\/yedek18062024\/wp-json\/wp\/v2\/pages\/31046"}],"collection":[{"href":"https:\/\/www.sivildusun.net\/yedek18062024\/wp-json\/wp\/v2\/pages"}],"about":[{"href":"https:\/\/www.sivildusun.net\/yedek18062024\/wp-json\/wp\/v2\/types\/page"}],"author":[{"embeddable":true,"href":"https:\/\/www.sivildusun.net\/yedek18062024\/wp-json\/wp\/v2\/users\/6"}],"replies":[{"embeddable":true,"href":"https:\/\/www.sivildusun.net\/yedek18062024\/wp-json\/wp\/v2\/comments?post=31046"}],"version-history":[{"count":0,"href":"https:\/\/www.sivildusun.net\/yedek18062024\/wp-json\/wp\/v2\/pages\/31046\/revisions"}],"up":[{"embeddable":true,"href":"https:\/\/www.sivildusun.net\/yedek18062024\/wp-json\/wp\/v2\/pages\/31091"}],"wp:featuredmedia":[{"embeddable":true,"href":"https:\/\/www.sivildusun.net\/yedek18062024\/wp-json\/wp\/v2\/media\/177"}],"wp:attachment":[{"href":"https:\/\/www.sivildusun.net\/yedek18062024\/wp-json\/wp\/v2\/media?parent=31046"}],"curies":[{"name":"wp","href":"https:\/\/api.w.org\/{rel}","templated":true}]}}